{"id":26415,"date":"2022-09-18T19:56:45","date_gmt":"2022-09-18T23:56:45","guid":{"rendered":"https:\/\/elearning2.flightstartsolutions.com\/confidentialite\/"},"modified":"2022-09-18T19:56:45","modified_gmt":"2022-09-18T23:56:45","slug":"confidentialite-ld","status":"publish","type":"page","link":"https:\/\/elearning.flightstartsolutions.com\/index.php\/confidentialite-ld\/","title":{"rendered":"Politique de confidentialit\u00e9 &#8211; LD"},"content":{"rendered":"\n<h2 class=\"wp-block-heading\"><strong>Politique de confidentialit\u00e9<\/strong><\/h2>\n\n<p><br\/><strong>Derni\u00e8re modification : Septembre 2022<\/strong><\/p>\n\n<p>Cette politique de confidentialit\u00e9 s&#8217;applique \u00e0 tous les produits, services et sites Web de FSSLearning.<\/p>\n\n<p>Nous nous engageons \u00e0 respecter la confidentialit\u00e9 de vos informations. La s\u00e9curit\u00e9 et la confidentialit\u00e9 de vos informations sont notre priorit\u00e9 absolue. Votre adresse \u00e9lectronique et d&#8217;autres informations priv\u00e9es ne sont jamais partag\u00e9es sans votre autorisation expresse.<\/p>\n\n<p><strong>Si vous choisissez de visiter <\/strong><strong>FSSLearning<\/strong><strong>votre visite et tout litige relatif \u00e0 la confidentialit\u00e9 sont soumis au pr\u00e9sent avis et \u00e0 nos conditions d&#8217;utilisation, y compris les limitations des dommages, l&#8217;arbitrage des litiges et l&#8217;application de la loi des \u00c9tats-Unis d&#8217;Am\u00e9rique. <\/strong><strong>\u00c9tats-Unis d&#8217;Am\u00e9rique<\/strong><strong>.<\/strong><\/p>\n\n<p>Informations que nous recueillons et comment nous les utilisons<\/p>\n\n<p>Afin de mieux servir nos clients et nos prospects, nous pouvons recueillir les types d&#8217;informations suivants :<\/p>\n\n<p><strong>Informations que vous fournissez &#8211;<\/strong>Lorsque vous vous inscrivez pour t\u00e9l\u00e9charger un produit ou pour participer \u00e0 une promotion qui n\u00e9cessite une inscription, nous vous demandons des informations personnelles (telles que votre nom, votre organisation, votre num\u00e9ro de t\u00e9l\u00e9phone et votre adresse \u00e9lectronique). Lorsque vous effectuez un achat chez nous, vos informations de paiement, y compris les num\u00e9ros de carte de cr\u00e9dit, sont saisies par l&#8217;utilisateur par l&#8217;interm\u00e9diaire de notre fournisseur de paiement en ligne externe et accr\u00e9dit\u00e9. Ces informations sont conserv\u00e9es en toute s\u00e9curit\u00e9 par cette entit\u00e9 et d\u00e9truites lorsqu&#8217;elles ne sont plus n\u00e9cessaires. Nous n&#8217;avons pas d&#8217;acc\u00e8s direct \u00e0 vos informations de paiement.<\/p>\n\n<p><strong>Cookies &#8211;<\/strong>Lorsque vous visitez nos sites, nous pouvons envoyer des cookies &#8211; de petits fichiers contenant une cha\u00eene de caract\u00e8res &#8211; \u00e0 votre ordinateur ou \u00e0 un autre appareil pour identifier de mani\u00e8re unique votre navigateur. Nous utilisons ensuite les cookies pour am\u00e9liorer la qualit\u00e9 du service et suivre les tendances des utilisateurs.<\/p>\n\n<p><strong>Communications des utilisateurs &#8211;<\/strong>Lorsque vous envoyez des courriels ou d&#8217;autres communications \u00e0 FSSLearning, nous pouvons conserver ces communications afin de traiter vos demandes, de r\u00e9pondre \u00e0 vos requ\u00eates et d&#8217;am\u00e9liorer nos services. Nous utiliserons les informations que vous fournissez pour vous contacter au sujet de nos produits et services.<\/p>\n\n<h2 class=\"wp-block-heading\"><strong>Choix en mati\u00e8re d&#8217;informations personnelles<\/strong><\/h2>\n\n<p>Lorsque vous vous inscrivez \u00e0 un service particulier qui n\u00e9cessite un enregistrement, nous vous demandons de fournir des informations personnelles. Si nous utilisons ces informations d&#8217;une mani\u00e8re diff\u00e9rente de celle pour laquelle elles ont \u00e9t\u00e9 collect\u00e9es, nous vous demanderons votre consentement avant cette utilisation.<\/p>\n\n<p>Vous pouvez refuser de soumettre des informations personnelles \u00e0 l&#8217;un de nos services, auquel cas nous ne serons peut-\u00eatre pas en mesure de vous fournir ces services. FSSLearning ne recueille que le minimum d&#8217;informations n\u00e9cessaires pour effectuer une transaction.<\/p>\n\n<p>Les informations personnelles que nous recueillons ne sont conserv\u00e9es qu&#8217;aussi longtemps qu&#8217;elles sont n\u00e9cessaires pour vous fournir les services que vous souhaitez. Les informations sur les clients sont conserv\u00e9es tant qu&#8217;ils restent clients de FSSLearning. Si vous cessez d&#8217;\u00eatre un client, nous vous garderons sur nos listes de diffusion pour recevoir du mat\u00e9riel promotionnel. Si vous le demandez, nous vous retirerons de cette liste.<\/p>\n\n<p>En tant qu&#8217;individu, vous avez le droit d&#8217;acc\u00e9der \u00e0 toutes les informations personnelles vous concernant que nous stockons, et vous pouvez demander que nous vous les fournissions dans un format facilement accessible et portable. Vous pouvez \u00e9galement nous demander de r\u00e9viser toute donn\u00e9e jug\u00e9e inexacte, ou de supprimer des donn\u00e9es \u00e0 votre demande (lorsque la loi le permet). Toute demande d&#8217;information sera trait\u00e9e sans d\u00e9lai dans les 28 jours suivant sa r\u00e9ception. Les informations personnelles et les demandes de renseignements sur la confidentialit\u00e9 peuvent \u00eatre transmises au responsable de la confidentialit\u00e9 de FSSLearning, ou \u00e0 votre repr\u00e9sentant de compte FSSLearning.<\/p>\n\n<p>Les citoyens de l&#8217;Union europ\u00e9enne ont \u00e9galement le droit de s&#8217;opposer \u00e0 l&#8217;utilisation de leurs donn\u00e9es dans le cadre d&#8217;une fonction de traitement des donn\u00e9es, compte tenu des motifs appropri\u00e9s, comme indiqu\u00e9 dans le r\u00e8glement g\u00e9n\u00e9ral sur la protection des donn\u00e9es (RGPD). Les citoyens de l&#8217;UE peuvent \u00e9galement demander que nous limitions l&#8217;utilisation de leurs donn\u00e9es personnelles dans les fonctions de traitement dans des circonstances particuli\u00e8res.  <\/p>\n\n<h2 class=\"wp-block-heading\"><strong>Partage d&#8217;informations<\/strong><\/h2>\n\n<p>FSSLearning ne partagera jamais vos informations personnelles avec d&#8217;autres soci\u00e9t\u00e9s ou individus sans votre consentement explicite.<\/p>\n\n<p>Dans certaines circonstances, nous sommes tenus de divulguer des informations pour satisfaire aux conditions suivantes : Nous croyons de bonne foi que l&#8217;acc\u00e8s, l&#8217;utilisation, la conservation ou la divulgation de ces informations est raisonnablement n\u00e9cessaire pour (a) satisfaire \u00e0 toute loi, r\u00e9glementation, proc\u00e9dure judiciaire ou demande gouvernementale ex\u00e9cutoire, (b) faire respecter les conditions de service applicables, y compris les enqu\u00eates sur les violations potentielles de celles-ci, (c) d\u00e9tecter, pr\u00e9venir ou traiter de toute autre mani\u00e8re la fraude, la s\u00e9curit\u00e9 ou les probl\u00e8mes techniques, ou (d) prot\u00e9ger contre les atteintes aux droits, \u00e0 la propri\u00e9t\u00e9 ou \u00e0 la s\u00e9curit\u00e9 de FSSLearning, de ses utilisateurs ou du public, comme requis ou autoris\u00e9 par la loi.<\/p>\n\n<h2 class=\"wp-block-heading\"><strong>S\u00e9curit\u00e9 de l&#8217;information<\/strong><\/h2>\n\n<p>Nous prenons des mesures de s\u00e9curit\u00e9 appropri\u00e9es pour nous prot\u00e9ger contre l&#8217;acc\u00e8s non autoris\u00e9, l&#8217;alt\u00e9ration, la divulgation ou la destruction des donn\u00e9es. Il s&#8217;agit notamment d&#8217;examens internes de nos pratiques et mesures de s\u00e9curit\u00e9 en mati\u00e8re de collecte, de stockage et de traitement des donn\u00e9es, ainsi que de mesures de s\u00e9curit\u00e9 physique visant \u00e0 emp\u00eacher tout acc\u00e8s non autoris\u00e9 aux syst\u00e8mes dans lesquels nous stockons des donn\u00e9es personnelles.<\/p>\n\n<p>Nous limitons l&#8217;acc\u00e8s aux informations personnelles aux employ\u00e9s, sous-traitants et agents de FSSLearning qui ont besoin de conna\u00eetre ces informations afin de faire fonctionner, d\u00e9velopper ou am\u00e9liorer nos services. Ces personnes sont tenues \u00e0 des obligations de confidentialit\u00e9 et peuvent faire l&#8217;objet de mesures disciplinaires, y compris le licenciement et des poursuites p\u00e9nales, si elles ne respectent pas ces obligations.  <\/p>\n\n<h2 class=\"wp-block-heading\"><strong>Application de la loi<\/strong><\/h2>\n\n<p>FSSLearning v\u00e9rifie r\u00e9guli\u00e8rement sa conformit\u00e9 \u00e0 cette politique de confidentialit\u00e9. N&#8217;h\u00e9sitez pas \u00e0 adresser toute question ou pr\u00e9occupation concernant la pr\u00e9sente politique de confidentialit\u00e9 ou notre traitement des informations personnelles en contactant notre responsable de la confidentialit\u00e9 via la page de contact de notre site web.<\/p>\n\n<p>Lorsque nous recevons des plaintes relatives \u00e0 la protection de la vie priv\u00e9e, nous avons pour politique de contacter le plaignant au sujet de ses pr\u00e9occupations. Nous coop\u00e9rerons avec les autorit\u00e9s r\u00e9glementaires appropri\u00e9es, y compris les autorit\u00e9s locales de protection des donn\u00e9es, pour r\u00e9soudre toute plainte concernant le transfert de donn\u00e9es personnelles qui ne peut \u00eatre r\u00e9solue entre FSSLearning et un individu.  <\/p>\n\n<h2 class=\"wp-block-heading\">Modifications de la pr\u00e9sente politique de confidentialit\u00e9<\/h2>\n\n<p>Veuillez noter que cette politique de confidentialit\u00e9 peut \u00eatre modifi\u00e9e de temps \u00e0 autre. Nous ne r\u00e9duirons pas vos droits en vertu de cette politique de confidentialit\u00e9 sans votre consentement explicite, et nous nous attendons \u00e0 ce que la plupart de ces changements soient mineurs. Quoi qu&#8217;il en soit, nous publierons toute modification de la politique de confidentialit\u00e9 sur cette page et, si les modifications sont importantes, nous fournirons un avis plus visible (y compris, pour certains services, une notification par courriel des modifications de la politique de confidentialit\u00e9). Chaque version de la pr\u00e9sente politique de confidentialit\u00e9 sera identifi\u00e9e en haut de la page par sa date d&#8217;entr\u00e9e en vigueur.  <\/p>\n\n<p>Si vous avez d&#8217;autres questions ou pr\u00e9occupations concernant cette politique de confidentialit\u00e9, n&#8217;h\u00e9sitez pas \u00e0 nous contacter via notre page de contact.<\/p>\n","protected":false},"excerpt":{"rendered":"<p>Politique de confidentialit\u00e9 Derni\u00e8re modification : Septembre 2022 Cette politique de confidentialit\u00e9 s&#8217;applique \u00e0 tous les produits, services et sites Web de FSSLearning. Nous nous engageons \u00e0 respecter la confidentialit\u00e9 de vos informations. La s\u00e9curit\u00e9 et la confidentialit\u00e9 de vos informations sont notre priorit\u00e9 absolue. Votre adresse \u00e9lectronique et d&#8217;autres&#8230;<\/p>\n","protected":false},"author":5,"featured_media":0,"parent":0,"menu_order":0,"comment_status":"closed","ping_status":"closed","template":"","meta":{"footnotes":""},"class_list":["post-26415","page","type-page","status-publish","hentry"],"jetpack_sharing_enabled":true,"_links":{"self":[{"href":"https:\/\/elearning.flightstartsolutions.com\/index.php\/wp-json\/wp\/v2\/pages\/26415","targetHints":{"allow":["GET"]}}],"collection":[{"href":"https:\/\/elearning.flightstartsolutions.com\/index.php\/wp-json\/wp\/v2\/pages"}],"about":[{"href":"https:\/\/elearning.flightstartsolutions.com\/index.php\/wp-json\/wp\/v2\/types\/page"}],"author":[{"embeddable":true,"href":"https:\/\/elearning.flightstartsolutions.com\/index.php\/wp-json\/wp\/v2\/users\/5"}],"replies":[{"embeddable":true,"href":"https:\/\/elearning.flightstartsolutions.com\/index.php\/wp-json\/wp\/v2\/comments?post=26415"}],"version-history":[{"count":0,"href":"https:\/\/elearning.flightstartsolutions.com\/index.php\/wp-json\/wp\/v2\/pages\/26415\/revisions"}],"wp:attachment":[{"href":"https:\/\/elearning.flightstartsolutions.com\/index.php\/wp-json\/wp\/v2\/media?parent=26415"}],"curies":[{"name":"wp","href":"https:\/\/api.w.org\/{rel}","templated":true}]}}