{"id":881,"date":"2025-09-09T12:10:03","date_gmt":"2025-03-03T17:04:03","guid":{"rendered":"https:\/\/elearning.flightstartsolutions.com\/?p=881"},"modified":"2026-01-05T15:24:39","modified_gmt":"2026-01-05T20:24:39","slug":"introduction-a-la-cybersecurite-dans-laviation","status":"publish","type":"product","link":"https:\/\/elearning.flightstartsolutions.com\/index.php\/product\/introduction-a-la-cybersecurite-dans-laviation\/","title":{"rendered":"Introduction \u00e0 la cybers\u00e9curit\u00e9 dans l&#8217;aviation"},"content":{"rendered":"<h2>Description du cours<\/h2>\n<p><strong>\u00c9tude des cours<\/strong><\/p>\n<h3>Les principaux concepts couverts sont les suivants :<\/h3>\n<ul>\n<li><strong>Prot\u00e9gez vos syst\u00e8mes, votre r\u00e9seau et vos donn\u00e9es<\/strong><\/li>\n<li><strong>Prot\u00e9ger les donn\u00e9es sensibles et les informations personnelles identifiables (PII)<\/strong><\/li>\n<li><strong>Comprendre les exigences de s\u00e9curit\u00e9 des r\u00e8glements de conformit\u00e9<\/strong><\/li>\n<li><strong>La cybers\u00e9curit\u00e9 et son impact sur la s\u00e9curit\u00e9 de l&#8217;industrie a\u00e9rospatiale<\/strong><\/li>\n<\/ul>\n<p><strong>Le contenu de ce cours couvre un regard historique sur la cybers\u00e9curit\u00e9 et fournit une compr\u00e9hension claire de l&#8217;avenir.<\/strong><\/p>\n","protected":false},"excerpt":{"rendered":"<p>Description du cours \u00c9tude des cours Les principaux concepts couverts sont les suivants : Prot\u00e9gez vos syst\u00e8mes, votre r\u00e9seau et vos donn\u00e9es Prot\u00e9ger les donn\u00e9es sensibles et les informations personnelles identifiables (PII) Comprendre les exigences de s\u00e9curit\u00e9 des r\u00e8glements de conformit\u00e9 La cybers\u00e9curit\u00e9 et son impact sur la s\u00e9curit\u00e9 de&#8230;<\/p>\n","protected":false},"featured_media":832,"comment_status":"closed","ping_status":"closed","template":"","meta":[],"product_brand":[],"product_cat":[],"product_tag":[],"class_list":{"0":"post-881","1":"product","2":"type-product","3":"status-publish","4":"has-post-thumbnail","7":"first","8":"instock","9":"virtual","10":"sold-individually","11":"taxable","12":"purchasable","13":"product-type-simple"},"jetpack_sharing_enabled":true,"_links":{"self":[{"href":"https:\/\/elearning.flightstartsolutions.com\/index.php\/wp-json\/wp\/v2\/product\/881","targetHints":{"allow":["GET"]}}],"collection":[{"href":"https:\/\/elearning.flightstartsolutions.com\/index.php\/wp-json\/wp\/v2\/product"}],"about":[{"href":"https:\/\/elearning.flightstartsolutions.com\/index.php\/wp-json\/wp\/v2\/types\/product"}],"replies":[{"embeddable":true,"href":"https:\/\/elearning.flightstartsolutions.com\/index.php\/wp-json\/wp\/v2\/comments?post=881"}],"wp:featuredmedia":[{"embeddable":true,"href":"https:\/\/elearning.flightstartsolutions.com\/index.php\/wp-json\/wp\/v2\/media\/832"}],"wp:attachment":[{"href":"https:\/\/elearning.flightstartsolutions.com\/index.php\/wp-json\/wp\/v2\/media?parent=881"}],"wp:term":[{"taxonomy":"product_brand","embeddable":true,"href":"https:\/\/elearning.flightstartsolutions.com\/index.php\/wp-json\/wp\/v2\/product_brand?post=881"},{"taxonomy":"product_cat","embeddable":true,"href":"https:\/\/elearning.flightstartsolutions.com\/index.php\/wp-json\/wp\/v2\/product_cat?post=881"},{"taxonomy":"product_tag","embeddable":true,"href":"https:\/\/elearning.flightstartsolutions.com\/index.php\/wp-json\/wp\/v2\/product_tag?post=881"}],"curies":[{"name":"wp","href":"https:\/\/api.w.org\/{rel}","templated":true}]}}